{"id":100,"date":"2019-10-12T18:11:41","date_gmt":"2019-10-12T16:11:41","guid":{"rendered":"https:\/\/www.commeuncactus.fr\/?page_id=100"},"modified":"2025-09-04T11:29:50","modified_gmt":"2025-09-04T09:29:50","slug":"a-propos","status":"publish","type":"page","link":"https:\/\/www.commeuncactus.fr\/index.php\/a-propos\/","title":{"rendered":"A propos"},"content":{"rendered":"<div class=\"wp-block-image\">\n<figure class=\"aligncenter size-medium\"><img loading=\"lazy\" decoding=\"async\" width=\"300\" height=\"300\" data-attachment-id=\"4157\" data-permalink=\"https:\/\/www.commeuncactus.fr\/ee49d352-0e6a-48f1-8ab3-76736ad8f410_1_201_a\/\" data-orig-file=\"https:\/\/www.commeuncactus.fr\/wp-content\/uploads\/2021\/01\/EE49D352-0E6A-48F1-8AB3-76736AD8F410_1_201_a.jpeg\" data-orig-size=\"1500,1500\" data-comments-opened=\"1\" data-image-meta=\"{&quot;aperture&quot;:&quot;1.8&quot;,&quot;credit&quot;:&quot;&quot;,&quot;camera&quot;:&quot;iPhone 8&quot;,&quot;caption&quot;:&quot;&quot;,&quot;created_timestamp&quot;:&quot;1610021419&quot;,&quot;copyright&quot;:&quot;&quot;,&quot;focal_length&quot;:&quot;3.99&quot;,&quot;iso&quot;:&quot;40&quot;,&quot;shutter_speed&quot;:&quot;0.066666666666667&quot;,&quot;title&quot;:&quot;&quot;,&quot;orientation&quot;:&quot;1&quot;}\" data-image-title=\"a-propos\" data-image-description=\"\" data-image-caption=\"\" data-large-file=\"https:\/\/www.commeuncactus.fr\/wp-content\/uploads\/2021\/01\/EE49D352-0E6A-48F1-8AB3-76736AD8F410_1_201_a-1024x1024.jpeg\" src=\"https:\/\/www.commeuncactus.fr\/wp-content\/uploads\/2021\/01\/EE49D352-0E6A-48F1-8AB3-76736AD8F410_1_201_a-300x300.jpeg\" alt=\"\" class=\"wp-image-4157\" srcset=\"https:\/\/www.commeuncactus.fr\/wp-content\/uploads\/2021\/01\/EE49D352-0E6A-48F1-8AB3-76736AD8F410_1_201_a-300x300.jpeg 300w, https:\/\/www.commeuncactus.fr\/wp-content\/uploads\/2021\/01\/EE49D352-0E6A-48F1-8AB3-76736AD8F410_1_201_a-1024x1024.jpeg 1024w, https:\/\/www.commeuncactus.fr\/wp-content\/uploads\/2021\/01\/EE49D352-0E6A-48F1-8AB3-76736AD8F410_1_201_a-150x150.jpeg 150w, https:\/\/www.commeuncactus.fr\/wp-content\/uploads\/2021\/01\/EE49D352-0E6A-48F1-8AB3-76736AD8F410_1_201_a-768x768.jpeg 768w, https:\/\/www.commeuncactus.fr\/wp-content\/uploads\/2021\/01\/EE49D352-0E6A-48F1-8AB3-76736AD8F410_1_201_a-600x600.jpeg 600w, https:\/\/www.commeuncactus.fr\/wp-content\/uploads\/2021\/01\/EE49D352-0E6A-48F1-8AB3-76736AD8F410_1_201_a-100x100.jpeg 100w, https:\/\/www.commeuncactus.fr\/wp-content\/uploads\/2021\/01\/EE49D352-0E6A-48F1-8AB3-76736AD8F410_1_201_a.jpeg 1500w\" sizes=\"auto, (max-width: 300px) 100vw, 300px\" \/><\/figure>\n<\/div>\n\n\n<p class=\"has-large-font-size\"><strong>Bienvenue chez Comme Un Cactus <\/strong><\/p>\n\n\n\n<p>Cr\u00e9ations textiles et broderies faites main \u2013 avec amour, humour\u2026 et un brin de piquant !<\/p>\n\n\n\n<p>Je suis \u00c9lodie, cr\u00e9atrice passionn\u00e9e bas\u00e9e en Touraine, maman de deux gar\u00e7ons, amoureuse de la broderie et accro aux travaux manuels depuis toujours.<\/p>\n\n\n\n<p>Chez moi, la cr\u00e9ation est une affaire de famille : une grand-m\u00e8re collectionneuse de machines \u00e0 broder, un papa artisan maroquinier&#8230; J\u2019ai grandi entre les fils, les tissus et les outils.&nbsp;<\/p>\n\n\n\n<p class=\"has-medium-font-size\">Le d\u00e9clic ?<\/p>\n\n\n\n<p>La vieille machine \u00e0 coudre semi-professionnelle de ma grand-m\u00e8re, r\u00e9cup\u00e9r\u00e9e un jour, qui m\u2019a men\u00e9e \u00e0 cr\u00e9er mes premiers accessoires textiles et me donner l\u2019envie des les proposer \u00e0 la vente. Et puis un jour, j\u2019ai red\u00e9couvert la broderie au travers de ses vieux outils et accessoires\u2026 et c\u2019est devenu une \u00e9vidence.<\/p>\n\n\n\n<p class=\"has-medium-font-size\">Et pourquoi \u201cComme Un Cactus\u00a0\u00bb ?\u00a0<\/p>\n\n\n\n<p>\u00c0 2 ans et demi, je suis tomb\u00e9e (litt\u00e9ralement !) sur une rang\u00e9e de cactus chez le fleuriste ! En grandissant, je me suis d\u00e9couvert une l\u00e9g\u00e8re addiction. Je ne les compte plus dans ma maison ! Aiguilles \u00e0 coudre, \u00e0 broder\u2026 aiguilles de cactus ! CQFD<\/p>\n\n\n\n<p>Dans ma boutique, vous trouverez des broches impertinentes et personnalisables, des cr\u00e9ations florales brod\u00e9es \u00e0 la main, sur des tissus imprim\u00e9s dans mon atelier et des accessoires textiles durables et \u00e9thiques. Chaque pi\u00e8ce est unique, con\u00e7ue avec soin et toujours avec une touche d\u2019humour ou de po\u00e9sie.<br>Bienvenue dans un univers d\u00e9cal\u00e9, color\u00e9 et un peu piquant !<\/p>\n\n\n\n<p><\/p>\n\n\n\n<p><\/p>\n","protected":false},"excerpt":{"rendered":"<p>Bienvenue chez Comme Un Cactus Cr\u00e9ations textiles et broderies faites main \u2013 avec amour, humour\u2026 et un brin de piquant ! Je suis \u00c9lodie, cr\u00e9atrice passionn\u00e9e bas\u00e9e en Touraine, maman de deux gar\u00e7ons, amoureuse de la broderie et accro aux travaux manuels depuis toujours. Chez moi, la cr\u00e9ation est une affaire de famille : une [&hellip;]<\/p>\n","protected":false},"author":1,"featured_media":0,"parent":0,"menu_order":0,"comment_status":"closed","ping_status":"closed","template":"","meta":{"ocean_post_layout":"","ocean_both_sidebars_style":"","ocean_both_sidebars_content_width":0,"ocean_both_sidebars_sidebars_width":0,"ocean_sidebar":"0","ocean_second_sidebar":"0","ocean_disable_margins":"enable","ocean_add_body_class":"","ocean_shortcode_before_top_bar":"","ocean_shortcode_after_top_bar":"","ocean_shortcode_before_header":"","ocean_shortcode_after_header":"","ocean_has_shortcode":"","ocean_shortcode_after_title":"","ocean_shortcode_before_footer_widgets":"","ocean_shortcode_after_footer_widgets":"","ocean_shortcode_before_footer_bottom":"","ocean_shortcode_after_footer_bottom":"","ocean_display_top_bar":"default","ocean_display_header":"default","ocean_header_style":"","ocean_center_header_left_menu":"0","ocean_custom_header_template":"0","ocean_custom_logo":0,"ocean_custom_retina_logo":0,"ocean_custom_logo_max_width":0,"ocean_custom_logo_tablet_max_width":0,"ocean_custom_logo_mobile_max_width":0,"ocean_custom_logo_max_height":0,"ocean_custom_logo_tablet_max_height":0,"ocean_custom_logo_mobile_max_height":0,"ocean_header_custom_menu":"0","ocean_menu_typo_font_family":"0","ocean_menu_typo_font_subset":"","ocean_menu_typo_font_size":0,"ocean_menu_typo_font_size_tablet":0,"ocean_menu_typo_font_size_mobile":0,"ocean_menu_typo_font_size_unit":"px","ocean_menu_typo_font_weight":"","ocean_menu_typo_font_weight_tablet":"","ocean_menu_typo_font_weight_mobile":"","ocean_menu_typo_transform":"","ocean_menu_typo_transform_tablet":"","ocean_menu_typo_transform_mobile":"","ocean_menu_typo_line_height":0,"ocean_menu_typo_line_height_tablet":0,"ocean_menu_typo_line_height_mobile":0,"ocean_menu_typo_line_height_unit":"","ocean_menu_typo_spacing":0,"ocean_menu_typo_spacing_tablet":0,"ocean_menu_typo_spacing_mobile":0,"ocean_menu_typo_spacing_unit":"","ocean_menu_link_color":"","ocean_menu_link_color_hover":"","ocean_menu_link_color_active":"","ocean_menu_link_background":"","ocean_menu_link_hover_background":"","ocean_menu_link_active_background":"","ocean_menu_social_links_bg":"","ocean_menu_social_hover_links_bg":"","ocean_menu_social_links_color":"","ocean_menu_social_hover_links_color":"","ocean_disable_title":"default","ocean_disable_heading":"default","ocean_post_title":"","ocean_post_subheading":"","ocean_post_title_style":"","ocean_post_title_background_color":"","ocean_post_title_background":0,"ocean_post_title_bg_image_position":"","ocean_post_title_bg_image_attachment":"","ocean_post_title_bg_image_repeat":"","ocean_post_title_bg_image_size":"","ocean_post_title_height":0,"ocean_post_title_bg_overlay":0.5,"ocean_post_title_bg_overlay_color":"","ocean_disable_breadcrumbs":"default","ocean_breadcrumbs_color":"","ocean_breadcrumbs_separator_color":"","ocean_breadcrumbs_links_color":"","ocean_breadcrumbs_links_hover_color":"","ocean_display_footer_widgets":"default","ocean_display_footer_bottom":"default","ocean_custom_footer_template":"0","footnotes":""},"class_list":["post-100","page","type-page","status-publish","hentry","entry","owp-thumbs-layout-horizontal","owp-btn-big","owp-tabs-layout-horizontal","has-no-thumbnails","has-product-nav"],"yoast_head":"<!-- This site is optimized with the Yoast SEO plugin v27.4 - https:\/\/yoast.com\/product\/yoast-seo-wordpress\/ -->\n<title>A propos - Comme Un Cactus<\/title>\n<meta name=\"description\" content=\"Vous voulez en savoir plus sur Comme Un Cactus et sa cr\u00e9atrice ? C&#039;est sur cette page que vous d\u00e9couvrirez l&#039;histoire de ce nom bizarre !\" \/>\n<meta name=\"robots\" content=\"noindex, follow\" \/>\n<meta property=\"og:locale\" content=\"fr_FR\" \/>\n<meta property=\"og:type\" content=\"article\" \/>\n<meta property=\"og:title\" content=\"A propos - Comme Un Cactus\" \/>\n<meta property=\"og:description\" content=\"Vous voulez en savoir plus sur Comme Un Cactus et sa cr\u00e9atrice ? C&#039;est sur cette page que vous d\u00e9couvrirez l&#039;histoire de ce nom bizarre !\" \/>\n<meta property=\"og:url\" content=\"https:\/\/www.commeuncactus.fr\/index.php\/a-propos\/\" \/>\n<meta property=\"og:site_name\" content=\"Comme Un Cactus\" \/>\n<meta property=\"article:publisher\" content=\"https:\/\/www.facebook.com\/comme1cactus\" \/>\n<meta property=\"article:modified_time\" content=\"2025-09-04T09:29:50+00:00\" \/>\n<meta property=\"og:image\" content=\"https:\/\/www.commeuncactus.fr\/wp-content\/uploads\/2021\/01\/EE49D352-0E6A-48F1-8AB3-76736AD8F410_1_201_a.jpeg\" \/>\n\t<meta property=\"og:image:width\" content=\"1500\" \/>\n\t<meta property=\"og:image:height\" content=\"1500\" \/>\n\t<meta property=\"og:image:type\" content=\"image\/jpeg\" \/>\n<meta name=\"twitter:card\" content=\"summary_large_image\" \/>\n<meta name=\"twitter:label1\" content=\"Dur\u00e9e de lecture estim\u00e9e\" \/>\n\t<meta name=\"twitter:data1\" content=\"2 minutes\" \/>\n<script type=\"application\/ld+json\" class=\"yoast-schema-graph\">{\"@context\":\"https:\\\/\\\/schema.org\",\"@graph\":[{\"@type\":\"WebPage\",\"@id\":\"https:\\\/\\\/www.commeuncactus.fr\\\/index.php\\\/a-propos\\\/\",\"url\":\"https:\\\/\\\/www.commeuncactus.fr\\\/index.php\\\/a-propos\\\/\",\"name\":\"A propos - Comme Un Cactus\",\"isPartOf\":{\"@id\":\"https:\\\/\\\/www.commeuncactus.fr\\\/#website\"},\"primaryImageOfPage\":{\"@id\":\"https:\\\/\\\/www.commeuncactus.fr\\\/index.php\\\/a-propos\\\/#primaryimage\"},\"image\":{\"@id\":\"https:\\\/\\\/www.commeuncactus.fr\\\/index.php\\\/a-propos\\\/#primaryimage\"},\"thumbnailUrl\":\"https:\\\/\\\/www.commeuncactus.fr\\\/wp-content\\\/uploads\\\/2021\\\/01\\\/EE49D352-0E6A-48F1-8AB3-76736AD8F410_1_201_a-300x300.jpeg\",\"datePublished\":\"2019-10-12T16:11:41+00:00\",\"dateModified\":\"2025-09-04T09:29:50+00:00\",\"description\":\"Vous voulez en savoir plus sur Comme Un Cactus et sa cr\u00e9atrice ? C'est sur cette page que vous d\u00e9couvrirez l'histoire de ce nom bizarre !\",\"breadcrumb\":{\"@id\":\"https:\\\/\\\/www.commeuncactus.fr\\\/index.php\\\/a-propos\\\/#breadcrumb\"},\"inLanguage\":\"fr-FR\",\"potentialAction\":[{\"@type\":\"ReadAction\",\"target\":[\"https:\\\/\\\/www.commeuncactus.fr\\\/index.php\\\/a-propos\\\/\"]}]},{\"@type\":\"ImageObject\",\"inLanguage\":\"fr-FR\",\"@id\":\"https:\\\/\\\/www.commeuncactus.fr\\\/index.php\\\/a-propos\\\/#primaryimage\",\"url\":\"https:\\\/\\\/www.commeuncactus.fr\\\/wp-content\\\/uploads\\\/2021\\\/01\\\/EE49D352-0E6A-48F1-8AB3-76736AD8F410_1_201_a.jpeg\",\"contentUrl\":\"https:\\\/\\\/www.commeuncactus.fr\\\/wp-content\\\/uploads\\\/2021\\\/01\\\/EE49D352-0E6A-48F1-8AB3-76736AD8F410_1_201_a.jpeg\",\"width\":1500,\"height\":1500,\"caption\":\"accueil\"},{\"@type\":\"BreadcrumbList\",\"@id\":\"https:\\\/\\\/www.commeuncactus.fr\\\/index.php\\\/a-propos\\\/#breadcrumb\",\"itemListElement\":[{\"@type\":\"ListItem\",\"position\":1,\"name\":\"Accueil\",\"item\":\"https:\\\/\\\/www.commeuncactus.fr\\\/\"},{\"@type\":\"ListItem\",\"position\":2,\"name\":\"A propos\"}]},{\"@type\":\"WebSite\",\"@id\":\"https:\\\/\\\/www.commeuncactus.fr\\\/#website\",\"url\":\"https:\\\/\\\/www.commeuncactus.fr\\\/\",\"name\":\"Comme Un Cactus\",\"description\":\"Cr\u00e9ations artisanales qui ne manquent pas de piquant !\",\"publisher\":{\"@id\":\"https:\\\/\\\/www.commeuncactus.fr\\\/#organization\"},\"potentialAction\":[{\"@type\":\"SearchAction\",\"target\":{\"@type\":\"EntryPoint\",\"urlTemplate\":\"https:\\\/\\\/www.commeuncactus.fr\\\/?s={search_term_string}\"},\"query-input\":{\"@type\":\"PropertyValueSpecification\",\"valueRequired\":true,\"valueName\":\"search_term_string\"}}],\"inLanguage\":\"fr-FR\"},{\"@type\":\"Organization\",\"@id\":\"https:\\\/\\\/www.commeuncactus.fr\\\/#organization\",\"name\":\"Comme un Cactus\",\"url\":\"https:\\\/\\\/www.commeuncactus.fr\\\/\",\"logo\":{\"@type\":\"ImageObject\",\"inLanguage\":\"fr-FR\",\"@id\":\"https:\\\/\\\/www.commeuncactus.fr\\\/#\\\/schema\\\/logo\\\/image\\\/\",\"url\":\"https:\\\/\\\/www.commeuncactus.fr\\\/wp-content\\\/uploads\\\/2019\\\/10\\\/logo_fond_carre.jpg\",\"contentUrl\":\"https:\\\/\\\/www.commeuncactus.fr\\\/wp-content\\\/uploads\\\/2019\\\/10\\\/logo_fond_carre.jpg\",\"width\":1600,\"height\":1600,\"caption\":\"Comme un Cactus\"},\"image\":{\"@id\":\"https:\\\/\\\/www.commeuncactus.fr\\\/#\\\/schema\\\/logo\\\/image\\\/\"},\"sameAs\":[\"https:\\\/\\\/www.facebook.com\\\/comme1cactus\",\"https:\\\/\\\/www.instagram.com\\\/comme1cactus\"]}]}<\/script>\n<!-- \/ Yoast SEO plugin. -->","yoast_head_json":{"title":"A propos - Comme Un Cactus","description":"Vous voulez en savoir plus sur Comme Un Cactus et sa cr\u00e9atrice ? C'est sur cette page que vous d\u00e9couvrirez l'histoire de ce nom bizarre !","robots":{"index":"noindex","follow":"follow"},"og_locale":"fr_FR","og_type":"article","og_title":"A propos - Comme Un Cactus","og_description":"Vous voulez en savoir plus sur Comme Un Cactus et sa cr\u00e9atrice ? C'est sur cette page que vous d\u00e9couvrirez l'histoire de ce nom bizarre !","og_url":"https:\/\/www.commeuncactus.fr\/index.php\/a-propos\/","og_site_name":"Comme Un Cactus","article_publisher":"https:\/\/www.facebook.com\/comme1cactus","article_modified_time":"2025-09-04T09:29:50+00:00","og_image":[{"width":1500,"height":1500,"url":"https:\/\/www.commeuncactus.fr\/wp-content\/uploads\/2021\/01\/EE49D352-0E6A-48F1-8AB3-76736AD8F410_1_201_a.jpeg","type":"image\/jpeg"}],"twitter_card":"summary_large_image","twitter_misc":{"Dur\u00e9e de lecture estim\u00e9e":"2 minutes"},"schema":{"@context":"https:\/\/schema.org","@graph":[{"@type":"WebPage","@id":"https:\/\/www.commeuncactus.fr\/index.php\/a-propos\/","url":"https:\/\/www.commeuncactus.fr\/index.php\/a-propos\/","name":"A propos - Comme Un Cactus","isPartOf":{"@id":"https:\/\/www.commeuncactus.fr\/#website"},"primaryImageOfPage":{"@id":"https:\/\/www.commeuncactus.fr\/index.php\/a-propos\/#primaryimage"},"image":{"@id":"https:\/\/www.commeuncactus.fr\/index.php\/a-propos\/#primaryimage"},"thumbnailUrl":"https:\/\/www.commeuncactus.fr\/wp-content\/uploads\/2021\/01\/EE49D352-0E6A-48F1-8AB3-76736AD8F410_1_201_a-300x300.jpeg","datePublished":"2019-10-12T16:11:41+00:00","dateModified":"2025-09-04T09:29:50+00:00","description":"Vous voulez en savoir plus sur Comme Un Cactus et sa cr\u00e9atrice ? C'est sur cette page que vous d\u00e9couvrirez l'histoire de ce nom bizarre !","breadcrumb":{"@id":"https:\/\/www.commeuncactus.fr\/index.php\/a-propos\/#breadcrumb"},"inLanguage":"fr-FR","potentialAction":[{"@type":"ReadAction","target":["https:\/\/www.commeuncactus.fr\/index.php\/a-propos\/"]}]},{"@type":"ImageObject","inLanguage":"fr-FR","@id":"https:\/\/www.commeuncactus.fr\/index.php\/a-propos\/#primaryimage","url":"https:\/\/www.commeuncactus.fr\/wp-content\/uploads\/2021\/01\/EE49D352-0E6A-48F1-8AB3-76736AD8F410_1_201_a.jpeg","contentUrl":"https:\/\/www.commeuncactus.fr\/wp-content\/uploads\/2021\/01\/EE49D352-0E6A-48F1-8AB3-76736AD8F410_1_201_a.jpeg","width":1500,"height":1500,"caption":"accueil"},{"@type":"BreadcrumbList","@id":"https:\/\/www.commeuncactus.fr\/index.php\/a-propos\/#breadcrumb","itemListElement":[{"@type":"ListItem","position":1,"name":"Accueil","item":"https:\/\/www.commeuncactus.fr\/"},{"@type":"ListItem","position":2,"name":"A propos"}]},{"@type":"WebSite","@id":"https:\/\/www.commeuncactus.fr\/#website","url":"https:\/\/www.commeuncactus.fr\/","name":"Comme Un Cactus","description":"Cr\u00e9ations artisanales qui ne manquent pas de piquant !","publisher":{"@id":"https:\/\/www.commeuncactus.fr\/#organization"},"potentialAction":[{"@type":"SearchAction","target":{"@type":"EntryPoint","urlTemplate":"https:\/\/www.commeuncactus.fr\/?s={search_term_string}"},"query-input":{"@type":"PropertyValueSpecification","valueRequired":true,"valueName":"search_term_string"}}],"inLanguage":"fr-FR"},{"@type":"Organization","@id":"https:\/\/www.commeuncactus.fr\/#organization","name":"Comme un Cactus","url":"https:\/\/www.commeuncactus.fr\/","logo":{"@type":"ImageObject","inLanguage":"fr-FR","@id":"https:\/\/www.commeuncactus.fr\/#\/schema\/logo\/image\/","url":"https:\/\/www.commeuncactus.fr\/wp-content\/uploads\/2019\/10\/logo_fond_carre.jpg","contentUrl":"https:\/\/www.commeuncactus.fr\/wp-content\/uploads\/2019\/10\/logo_fond_carre.jpg","width":1600,"height":1600,"caption":"Comme un Cactus"},"image":{"@id":"https:\/\/www.commeuncactus.fr\/#\/schema\/logo\/image\/"},"sameAs":["https:\/\/www.facebook.com\/comme1cactus","https:\/\/www.instagram.com\/comme1cactus"]}]}},"jetpack_sharing_enabled":true,"_links":{"self":[{"href":"https:\/\/www.commeuncactus.fr\/index.php\/wp-json\/wp\/v2\/pages\/100","targetHints":{"allow":["GET"]}}],"collection":[{"href":"https:\/\/www.commeuncactus.fr\/index.php\/wp-json\/wp\/v2\/pages"}],"about":[{"href":"https:\/\/www.commeuncactus.fr\/index.php\/wp-json\/wp\/v2\/types\/page"}],"author":[{"embeddable":true,"href":"https:\/\/www.commeuncactus.fr\/index.php\/wp-json\/wp\/v2\/users\/1"}],"replies":[{"embeddable":true,"href":"https:\/\/www.commeuncactus.fr\/index.php\/wp-json\/wp\/v2\/comments?post=100"}],"version-history":[{"count":17,"href":"https:\/\/www.commeuncactus.fr\/index.php\/wp-json\/wp\/v2\/pages\/100\/revisions"}],"predecessor-version":[{"id":9627,"href":"https:\/\/www.commeuncactus.fr\/index.php\/wp-json\/wp\/v2\/pages\/100\/revisions\/9627"}],"wp:attachment":[{"href":"https:\/\/www.commeuncactus.fr\/index.php\/wp-json\/wp\/v2\/media?parent=100"}],"curies":[{"name":"wp","href":"https:\/\/api.w.org\/{rel}","templated":true}]}}